{"id":1096,"date":"2021-05-13T19:50:22","date_gmt":"2021-05-13T19:50:22","guid":{"rendered":"http:\/\/www.rula.disabilityrightsca.org\/es\/?page_id=1096"},"modified":"2023-12-05T00:43:38","modified_gmt":"2023-12-05T00:43:38","slug":"6-12-se-consideraran-la-cultura-los-valores-y-las-costumbres-de-una-familia-al-brindar-servicios-que-ayuden-a-las-familias-a-mantener-a-sus-hijos-con-discapacidades-en-el-hogar","status":"publish","type":"page","link":"https:\/\/rula.disabilityrightsca.org\/es\/rula-book\/capitulo-6-mantener-unida-a-la-familia-servicios-y-apoyos-para-ninos\/6-12-se-consideraran-la-cultura-los-valores-y-las-costumbres-de-una-familia-al-brindar-servicios-que-ayuden-a-las-familias-a-mantener-a-sus-hijos-con-discapacidades-en-el-hogar\/","title":{"rendered":"(6.12) \u00bfSe considerar\u00e1n la cultura, los valores y las costumbres de una familia al brindar servicios que ayuden a las familias a mantener a sus hijos con discapacidades en el hogar?"},"content":{"rendered":"\n<p>Los servicios de apoyo familiar deben satisfacer las preferencias culturales, los valores y los estilos de vida de las familias.<span class=\"footnote_referrer\"><a role=\"button\" tabindex=\"0\" onclick=\"footnote_moveToReference_1096_1('footnote_plugin_reference_1096_1_1');\" onkeypress=\"footnote_moveToReference_1096_1('footnote_plugin_reference_1096_1_1');\" ><sup id=\"footnote_plugin_tooltip_1096_1_1\" class=\"footnote_plugin_tooltip_text\">[1]<\/sup><\/a><span id=\"footnote_plugin_tooltip_text_1096_1_1\" class=\"footnote_tooltip\">Secciones 4685(b)(4), 4502.1 y 4646.5 (a)(1)<\/span><\/span><script type=\"text\/javascript\"> jQuery('#footnote_plugin_tooltip_1096_1_1').tooltip({ tip: '#footnote_plugin_tooltip_text_1096_1_1', tipClass: 'footnote_tooltip', effect: 'fade', predelay: 0, fadeInSpeed: 200, delay: 400, fadeOutSpeed: 200, position: 'top center', relative: true, offset: [-7, 0], });<\/script> Si usted (el padre o tutor) desea que el centro regional respete su cultura, cu\u00e9nteles sobre sus valores y costumbres culturales. Sea espec\u00edfico, para que el centro regional pueda comprender la importancia que tiene para usted y su hijo. Proporcione al coordinador de servicio de su hijo informaci\u00f3n que le ayude a considerar los antecedentes de su hijo. Trate esto en la reuni\u00f3n del IPP de su hijo y solicite que se incluyan preferencias culturales espec\u00edficas en el IPP de su hijo.<\/p>\n<div class=\"speaker-mute footnotes_reference_container\"> <div class=\"footnote_container_prepare\"><p><span role=\"button\" tabindex=\"0\" class=\"footnote_reference_container_label pointer\" onclick=\"footnote_expand_collapse_reference_container_1096_1();\">&#x202F;<\/span><span role=\"button\" tabindex=\"0\" class=\"footnote_reference_container_collapse_button\" style=\"display: none;\" onclick=\"footnote_expand_collapse_reference_container_1096_1();\">[<a id=\"footnote_reference_container_collapse_button_1096_1\">+<\/a>]<\/span><\/p><\/div> <div id=\"footnote_references_container_1096_1\" style=\"\"><table class=\"footnotes_table footnote-reference-container\"><caption class=\"accessibility\">References<\/caption> <tbody> \r\n\r\n<tr class=\"footnotes_plugin_reference_row\"> <th scope=\"row\" class=\"footnote_plugin_index_combi pointer\"  onclick=\"footnote_moveToAnchor_1096_1('footnote_plugin_tooltip_1096_1_1');\"><a id=\"footnote_plugin_reference_1096_1_1\" class=\"footnote_backlink\"><span class=\"footnote_index_arrow\">&#8593;<\/span>1<\/a><\/th> <td class=\"footnote_plugin_text\">Secciones 4685(b)(4), 4502.1 y 4646.5 (a)(1)<\/td><\/tr>\r\n\r\n <\/tbody> <\/table> <\/div><\/div><script type=\"text\/javascript\"> function footnote_expand_reference_container_1096_1() { jQuery('#footnote_references_container_1096_1').show(); jQuery('#footnote_reference_container_collapse_button_1096_1').text('\u2212'); } function footnote_collapse_reference_container_1096_1() { jQuery('#footnote_references_container_1096_1').hide(); jQuery('#footnote_reference_container_collapse_button_1096_1').text('+'); } function footnote_expand_collapse_reference_container_1096_1() { if (jQuery('#footnote_references_container_1096_1').is(':hidden')) { footnote_expand_reference_container_1096_1(); } else { footnote_collapse_reference_container_1096_1(); } } function footnote_moveToReference_1096_1(p_str_TargetID) { footnote_expand_reference_container_1096_1(); var l_obj_Target = jQuery('#' + p_str_TargetID); if (l_obj_Target.length) { jQuery( 'html, body' ).delay( 0 ); jQuery('html, body').animate({ scrollTop: l_obj_Target.offset().top - window.innerHeight * 0.2 }, 380); } } function footnote_moveToAnchor_1096_1(p_str_TargetID) { footnote_expand_reference_container_1096_1(); var l_obj_Target = jQuery('#' + p_str_TargetID); if (l_obj_Target.length) { jQuery( 'html, body' ).delay( 0 ); jQuery('html, body').animate({ scrollTop: l_obj_Target.offset().top - window.innerHeight * 0.2 }, 380); } }<\/script>","protected":false},"excerpt":{"rendered":"<p>Los servicios de apoyo familiar deben satisfacer las preferencias culturales, los valores y los estilos de vida de las familias.[1]Secciones 4685(b)(4), 4502.1 y 4646.5 (a)(1)&hellip;<\/p>\n","protected":false},"author":1,"featured_media":0,"parent":219,"menu_order":12,"comment_status":"closed","ping_status":"closed","template":"","meta":{"footnotes":""},"class_list":["post-1096","page","type-page","status-publish","hentry"],"_links":{"self":[{"href":"https:\/\/rula.disabilityrightsca.org\/es\/wp-json\/wp\/v2\/pages\/1096","targetHints":{"allow":["GET"]}}],"collection":[{"href":"https:\/\/rula.disabilityrightsca.org\/es\/wp-json\/wp\/v2\/pages"}],"about":[{"href":"https:\/\/rula.disabilityrightsca.org\/es\/wp-json\/wp\/v2\/types\/page"}],"author":[{"embeddable":true,"href":"https:\/\/rula.disabilityrightsca.org\/es\/wp-json\/wp\/v2\/users\/1"}],"replies":[{"embeddable":true,"href":"https:\/\/rula.disabilityrightsca.org\/es\/wp-json\/wp\/v2\/comments?post=1096"}],"version-history":[{"count":4,"href":"https:\/\/rula.disabilityrightsca.org\/es\/wp-json\/wp\/v2\/pages\/1096\/revisions"}],"predecessor-version":[{"id":3779,"href":"https:\/\/rula.disabilityrightsca.org\/es\/wp-json\/wp\/v2\/pages\/1096\/revisions\/3779"}],"up":[{"embeddable":true,"href":"https:\/\/rula.disabilityrightsca.org\/es\/wp-json\/wp\/v2\/pages\/219"}],"wp:attachment":[{"href":"https:\/\/rula.disabilityrightsca.org\/es\/wp-json\/wp\/v2\/media?parent=1096"}],"curies":[{"name":"wp","href":"https:\/\/api.w.org\/{rel}","templated":true}]}}

(6.12) ¿Se considerarán la cultura, los valores y las costumbres de una familia al brindar servicios que ayuden a las familias a mantener a sus hijos con discapacidades en el hogar?

<p>Los servicios de apoyo familiar deben satisfacer las preferencias culturales, los valores y los estilos de vida de las familias.<span class="footnote_referrer"><a role="button" tabindex="0" onclick="footnote_moveToReference_1096_1('footnote_plugin_reference_1096_1_1');" onkeypress="footnote_moveToReference_1096_1('footnote_plugin_reference_1096_1_1');" ><sup id="footnote_plugin_tooltip_1096_1_1" class="footnote_plugin_tooltip_text">[1]</sup></a><span id="footnote_plugin_tooltip_text_1096_1_1" class="footnote_tooltip">Secciones 4685(b)(4), 4502.1 y 4646.5 (a)(1)</span></span><script type="text/javascript"> jQuery('#footnote_plugin_tooltip_1096_1_1').tooltip({ tip: '#footnote_plugin_tooltip_text_1096_1_1', tipClass: 'footnote_tooltip', effect: 'fade', predelay: 0, fadeInSpeed: 200, delay: 400, fadeOutSpeed: 200, position: 'top center', relative: true, offset: [-7, 0], });</script> Si usted (el padre o tutor) desea que el centro regional respete su cultura, cuénteles sobre sus valores y costumbres culturales. Sea específico, para que el centro regional pueda comprender la importancia que tiene para usted y su hijo. Proporcione al coordinador de servicio de su hijo información que le ayude a considerar los antecedentes de su hijo. Trate esto en la reunión del IPP de su hijo y solicite que se incluyan preferencias culturales específicas en el IPP de su hijo.</p>
<div class="speaker-mute footnotes_reference_container"> <div class="footnote_container_prepare"><p><span role="button" tabindex="0" class="footnote_reference_container_label pointer" onclick="footnote_expand_collapse_reference_container_1096_1();">&#x202F;</span><span role="button" tabindex="0" class="footnote_reference_container_collapse_button" style="display: none;" onclick="footnote_expand_collapse_reference_container_1096_1();">[<a id="footnote_reference_container_collapse_button_1096_1">+</a>]</span></p></div> <div id="footnote_references_container_1096_1" style=""><table class="footnotes_table footnote-reference-container"><caption class="accessibility">References</caption> <tbody> 

<tr class="footnotes_plugin_reference_row"> <th scope="row" class="footnote_plugin_index_combi pointer"  onclick="footnote_moveToAnchor_1096_1('footnote_plugin_tooltip_1096_1_1');"><a id="footnote_plugin_reference_1096_1_1" class="footnote_backlink"><span class="footnote_index_arrow">&#8593;</span>1</a></th> <td class="footnote_plugin_text">Secciones 4685(b)(4), 4502.1 y 4646.5 (a)(1)</td></tr>

 </tbody> </table> </div></div><script type="text/javascript"> function footnote_expand_reference_container_1096_1() { jQuery('#footnote_references_container_1096_1').show(); jQuery('#footnote_reference_container_collapse_button_1096_1').text('−'); } function footnote_collapse_reference_container_1096_1() { jQuery('#footnote_references_container_1096_1').hide(); jQuery('#footnote_reference_container_collapse_button_1096_1').text('+'); } function footnote_expand_collapse_reference_container_1096_1() { if (jQuery('#footnote_references_container_1096_1').is(':hidden')) { footnote_expand_reference_container_1096_1(); } else { footnote_collapse_reference_container_1096_1(); } } function footnote_moveToReference_1096_1(p_str_TargetID) { footnote_expand_reference_container_1096_1(); var l_obj_Target = jQuery('#' + p_str_TargetID); if (l_obj_Target.length) { jQuery( 'html, body' ).delay( 0 ); jQuery('html, body').animate({ scrollTop: l_obj_Target.offset().top - window.innerHeight * 0.2 }, 380); } } function footnote_moveToAnchor_1096_1(p_str_TargetID) { footnote_expand_reference_container_1096_1(); var l_obj_Target = jQuery('#' + p_str_TargetID); if (l_obj_Target.length) { jQuery( 'html, body' ).delay( 0 ); jQuery('html, body').animate({ scrollTop: l_obj_Target.offset().top - window.innerHeight * 0.2 }, 380); } }</script>
